nds digit of 1390?
1
What is the thousands digit of 8450?
8
What is the units digit of 621?
1
What is the hundreds digit of 114296?
2
What is the hundreds digit of 664?
6
What is the hundreds digit of 49393?
3
What is the ten thousands digit of 30227?
3
What is the tens digit of 36?
3
What is the units digit of 2807?
7
What is the tens digit of 3324?
2
What is the thousands digit of 3188?
3
What is the tens digit of 34199?
9
What is the units digit of 61016?
6
What is the tens digit of 607?
0
What is the units digit of 144?
4
What is the hundreds digit of 141?
1
What is the hundreds digit of 6902?
9
What is the hundreds digit of 4491?
4
What is the hundreds digit of 37884?
8
What is the units digit of 2878?
8
What is the hundreds digit of 5386?
3
What is the tens digit of 874?
7
What is the thousands digit of 1069?
1
What is the tens digit of 776?
7
What is the tens digit of 6207?
0
What is the units digit of 625?
5
What is the tens digit of 744?
4
What is the thousands digit of 3671?
3
What is the units digit of 15575?
5
What is the units digit of 773?
3
What is the ten thousands digit of 78816?
7
What is the tens digit of 1965?
6
What is the units digit of 421?
1
What is the tens digit of 580?
8
What is the thousands digit of 32998?
2
What is the units digit of 86?
6
What is the thousands digit of 149792?
9
What is the thousands digit of 11797?
1
What is the hundreds digit of 19059?
0
What is the units digit of 805?
5
What is the tens digit of 3396?
9
What is the tens digit of 129938?
3
What is the thousands digit of 7910?
7
What is the tens digit of 2532?
3
What is the tens digit of 6608?
0
What is the units digit of 34410?
0
What is the hundreds digit of 6060?
0
What is the hundreds digit of 1362?
3
What is the hundreds digit of 36968?
9
What is the hundreds digit of 9725?
7
What is the thousands digit of 65109?
5
What is the thousands digit of 1013?
1
What is the thousands digit of 2579?
2
What is the ten thousands digit of 23257?
2
What is the tens digit of 23283?
8
What is the hundreds digit of 44570?
5
What is the units digit of 47176?
6
What is the hundreds digit of 31091?
0
What is the units digit of 3734?
4
What is the tens digit of 6366?
6
What is the tens digit of 9605?
0
What is the thousands digit of 32717?
2
What is the ten thousands digit of 75479?
7
What is the tens digit of 96560?
6
What is the hundreds digit of 49616?
6
What is the thousands digit of 33581?
3
What is the thousands digit of 3682?
3
What is the units digit of 1602?
2
What is the hundreds digit of 4590?
5
What is the tens digit of 9042?
4
What is the units digit of 9?
9
What is the thousands digit of 29321?
9
What is the tens digit of 13357?
5
What is the hundreds digit of 2930?
9
What is the thousands digit of 35033?
5
What is the units digit of 24752?
2
What is the ten thousands digit of 45962?
4
What is the units digit of 927?
7
What is the units digit of 17992?
2
What is the units digit of 353?
3
What is the hundreds digit of 698?
6
What is the thousands digit of 13180?
3
What is the units digit of 1741?
1
What is the ten thousands digit of 43999?
4
What is the units digit of 616?
6
What is the units digit of 65947?
7
What is the hundreds digit of 5620?
6
What is the units digit of 6862?
2
What is the tens digit of 796?
9
What is the thousands digit of 21782?
1
What is the ten thousands digit of 149324?
4
What is the units digit of 19943?
3
What is the hundreds digit of 52020?
0
What is the ten thousands digit of 54918?
5
What is the hundreds digit of 36330?
3
What is the units digit of 3706?
6
What is the hundreds digit of 3104?
1
What is the hundreds digit of 4594?
5
What is the thousands digit of 64179?
4
What is the thousands digit of 53404?
3
What is the thousands digit of 32239?
2
What is the tens digit of 29802?
0
What is the units digit of 6760?
0
What is the units digit of 71681?
1
What is the thousands digit of 1298?
1
What is the hundreds digit of 39215?
2
What is the hundreds digit of 6367?
3
What is the hundreds digit of 10166?
1
What is the thousands digit of 3692?
3
What is the hundreds digit of 28476?
4
What is the tens digit of 79495?
9
What is the ten thousands digit of 51641?
5
What is the tens digit of 940?
4
What is the thousands digit of 3818?
3
What is the units digit of 1117?
7
What is the thousands digit of 3464?
3
What is the hundreds digit of 1113?
1
What is the units digit of 3732?
2
What is the units digit of 8?
8
What is the tens digit of 5270?
7
What is the thousands digit of 9569?
9
What is the units digit of 963?
3
What is the hundreds digit of 625?
6
What is the thousands digit of 8200?
8
What is the hundreds digit of 4933?
9
What is the thousands digit of 2519?
2
What is the thousands digit of 45115?
5
What is the units digit of 21095?
5
What is the hundred thousands digit of 110672?
1
What is the units digit of 16332?
2
What is the units digit of 3203?
3
What is the units digit of 13386?
6
What is the units digit of 2700?
0
What is the units digit of 50968?
8
What is the units digit of 2486?
6
What is the units digit of 2081?
1
What is the units digit of 23154?
4
What is the tens digit of 2145?
4
What is the units digit of 687?
7
What is the thousands digit of 31270?
1
What is the hundreds digit of 6128?
1
What is the thousands digit of 9421?
9
What is the thousands digit of 1279?
1
What is the thousands digit of 80266?
0
What is the tens digit of 6348?
4
What is the units digit of 4843?
3
What is the thousands digit of 1837?
1
What is the tens digit of 8603?
0
What is the thousands digit of 3137?
3
What is the units digit of 54?
4
What is the units digit of 7683?
3
What is the tens digit of 1229?
2
What is the tens digit of 54?
5
What is the thousands digit of 16019?
6
What is the hundreds digit of 1008?
0
What is the hundreds digit of 11293?
2
What is the units digit of 88713?
3
What is the units digit of 528?
8
What is the hundreds digit of 18555?
5
What is the ten thousands digit of 56428?
5
What is the units digit of 12987?
7
What is the hundreds digit of 10133?
1
What is the tens digit of 1809?
0
What is the units digit of 90361?
1
What is the ten thousands digit of 101527?
0
What is the thousands digit of 1614?
1
What is the units digit of 33397?
7
What is the units digit of 42?
2
What is the ten thousands digit of 36802?
3
What is the ten thousands digit of 19490?
1
What is the hundreds digit of 2032?
0
What is the thousands digit of 8039?
8
What is the units digit of 107002?
2
What is the thousands digit of 7127?
7
What is the tens digit of 93206?
0
What is the units digit of 60094?
4
What is the thousands digit of 5090?
5
What is the tens digit of 862?
6
What is the units digit of 1111?
1
What is the hundreds digit of 4357?
3
What is the tens digit of 1036?
3
What is the units digit of 434?
4
What is the hundreds digit of 1337?
3
What is the hundreds digit of 21990?
9
What is the tens digit of 3521?
2
What is the hundreds digit of 14157?
1
What is the tens digit of 142692?
9
What is the ten thousands digit of 12684?
1
What is the units digit of 2118?
8
What is the tens digit of 27356?
5
What is the hundreds digit of 2778?
7
What is the ten thousands digit of 14576?
1
What is the thousands digit of 9657?
9
What is the tens digit of 578?
7
What is the hundreds digit of 5024?
0
What is the tens digit of 139876?
7
What is the tens digit of 1498?
9
What is the tens digit of 37231?
3
What is the units digit of 84154?
4
What is the thousands digit of 1546?
1
What is the tens digit of 4784?
8
What is the hundreds digit of 1034?
0
What is the hundreds digit of 2513?
5
What is the hundreds digit of 365?
3
What is the ten thousands digit of 20667?
2
What is the thousands digit of 2006?
2
What is the units digit of 1352?
2
What is the tens digit of 67490?
9
What is the units digit of 20893?
3
What is the thousands digit of 5891?
5
What is the tens digit of 866?
6
What is the thousands digit of 3144?
3
What is the tens digit of 37266?
6
What is the units digit of 1687?
7
What is the ten thousands digit of 26895?
2
What is the units digit of 28214?
4
What is the thousands digit of 12431?
2
What is the tens digit of 30?
3
What is the tens digit of 12123?
2
What is the units digit of 3183?
3
What is the thousands digit of